y 1027?
1010
What is the remainder when 858978 is divided by 247?
159
Calculate the remainder when 81211 is divided by 14396.
9231
What is the remainder when 150653293 is divided by 2593?
2586
Calculate the remainder when 108187 is divided by 3172.
339
Calculate the remainder when 3983410 is divided by 76.
22
What is the remainder when 292541 is divided by 23522?
10277
Calculate the remainder when 426322 is divided by 1579.
1571
What is the remainder when 568377 is divided by 37885?
102
Calculate the remainder when 114019 is divided by 17825.
7069
What is the remainder when 92781959 is divided by 12?
11
What is the remainder when 8078447 is divided by 10?
7
What is the remainder when 1727388 is divided by 365?
208
Calculate the remainder when 2166477 is divided by 46.
15
What is the remainder when 15961529 is divided by 31987?
16
What is the remainder when 524184 is divided by 1061?
50
What is the remainder when 8409 is divided by 191?
5
What is the remainder when 14986260 is divided by 3165?
3150
What is the remainder when 5901951 is divided by 181?
84
What is the remainder when 2512937 is divided by 4814?
29
Calculate the remainder when 494378 is divided by 10391.
6001
What is the remainder when 217890 is divided by 12817?
1
What is the remainder when 374972 is divided by 178?
104
What is the remainder when 465897 is divided by 2264?
1777
What is the remainder when 7136740 is divided by 33?
28
Calculate the remainder when 212538 is divided by 799.
4
Calculate the remainder when 43154 is divided by 568.
554
Calculate the remainder when 963546 is divided by 1031.
592
Calculate the remainder when 865020 is divided by 223.
3
What is the remainder when 1849399 is divided by 396?
79
Calculate the remainder when 54277 is divided by 17531.
1684
What is the remainder when 11398 is divided by 5669?
60
Calculate the remainder when 19330 is divided by 15515.
3815
Calculate the remainder when 8255419 is divided by 242805.
49
Calculate the remainder when 6483771 is divided by 341.
338
What is the remainder when 379076 is divided by 189536?
4
Calculate the remainder when 4971696 is divided by 258.
36
Calculate the remainder when 193045 is divided by 23757.
2989
Calculate the remainder when 122518 is divided by 1465.
923
Calculate the remainder when 21608785 is divided by 900364.
49
Calculate the remainder when 39027771 is divided by 4263.
6
What is the remainder when 349987 is divided by 162?
67
What is the remainder when 390362 is divided by 1549?
14
Calculate the remainder when 5028543 is divided by 256.
191
Calculate the remainder when 334931 is divided by 7603.
399
Calculate the remainder when 5141630 is divided by 10161.
164
What is the remainder when 289037 is divided by 72254?
21
Calculate the remainder when 77411 is divided by 38705.
1
Calculate the remainder when 3659105 is divided by 27932.
13
Calculate the remainder when 66442 is divided by 32740.
962
What is the remainder when 82351 is divided by 44?
27
Calculate the remainder when 3393476 is divided by 7282.
64
What is the remainder when 64790 is divided by 3100?
2790
Calculate the remainder when 229468973 is divided by 506.
503
What is the remainder when 1049254 is divided by 6437?
23
What is the remainder when 198495 is divided by 3122?
1809
Calculate the remainder when 6773944 is divided by 27.
22
What is the remainder when 7353552 is divided by 64504?
96
What is the remainder when 27605423 is divided by 22?
21
What is the remainder when 51094972 is divided by 636?
4
What is the remainder when 263115 is divided by 37568?
139
What is the remainder when 414743 is divided by 207360?
23
What is the remainder when 172803 is divided by 42733?
1871
What is the remainder when 864489 is divided by 301?
17
Calculate the remainder when 2756 is divided by 2304.
452
What is the remainder when 469560 is divided by 46956?
0
Calculate the remainder when 24472 is divided by 68.
60
What is the remainder when 82530719 is divided by 72?
71
Calculate the remainder when 19407 is divided by 5544.
2775
What is the remainder when 511720 is divided by 4873?
55
What is the remainder when 28944451 is divided by 11?
8
Calculate the remainder when 994455 is divided by 735.
0
Calculate the remainder when 61076 is divided by 2689.
1918
Calculate the remainder when 483538 is divided by 3931.
25
What is the remainder when 262541474 is divided by 271501?
7
Calculate the remainder when 198377 is divided by 1540.
1257
What is the remainder when 624264 is divided by 312132?
0
What is the remainder when 73416417 is divided by 1540?
1537
Calculate the remainder when 1275505 is divided by 226.
187
What is the remainder when 458668681 is divided by 33?
31
What is the remainder when 2773955 is divided by 396279?
2
Calculate the remainder when 3448421 is divided by 5825.
21
What is the remainder when 1729969 is divided by 26?
7
Calculate the remainder when 75413 is divided by 706.
577
What is the remainder when 471621 is divided by 471617?
4
What is the remainder when 23599260 is divided by 38?
6
Calculate the remainder when 25522 is divided by 861.
553
What is the remainder when 19786 is divided by 213?
190
Calculate the remainder when 1734307 is divided by 1179.
1177
What is the remainder when 2556909 is divided by 4735?
9
What is the remainder when 2564002 is divided by 258?
256
Calculate the remainder when 39859 is divided by 23328.
16531
What is the remainder when 64342249 is divided by 13?
10
Calculate the remainder when 374689 is divided by 73.
53
What is the remainder when 6013718 is divided by 11838?
14
What is the remainder when 130149 is divided by 129072?
1077
What is the remainder when 6868304 is divided by 820?
804
Calculate the remainder when 39881845 is divided by 247.
237
Calculate the remainder when 1444891 is divided by 13017.
4
Calculate the remainder when 4989572 is divided by 792.
764
Calculate the remainder when 6494774 is divided by 18.
14
Calculate the remainder when 9798399 is divided by 1249.
1243
Calculate the remainder when 2428566 is divided by 158.
106
Calculate the remainder when 2226254 is divided by 3674.
3484
Calculate the remainder when 72643 is divided by 72342.
301
Calculate the remainder when 322412 is divided by 24754.
610
What is the remainder when 1614833 is divided by 50?
33
What is the remainder when 15513230 is divided by 5170956?
362
Calculate the remainder when 1147298 is divided by 43.
15
Calculate the remainder when 721088 is divided by 721076.
12
Calculate the remainder when 169122 is divided by 1180.
382
What is the remainder when 5525352 is divided by 243?
18
What is the remainder when 4976797 is divided by 31?
26
What is the remainder when 1332761 is divided by 272?
233
Calculate the remainder when 326137505 is divided by 426.
425
What is the remainder when 91827 is divided by 91564?
263
What is the remainder when 83476466 is divided by 103?
13
Calculate the remainder when 137067717 is divided by 365.
362
Calculate the remainder when 11029 is divided by 1001.
18
Calculate the remainder when 1479 is divided by 1385.
94
Calculate the remainder when 1322807 is divided by 298.
283
What is the remainder when 2711859 is divided by 271?
233
What is the remainder when 45958 is divided by 11200?
1158
What is the remainder when 131003 is divided by 452?
375
Calculate the remainder when 6801432 is divided by 46.
10
Calculate the remainder when 42135521 is divided by 21067737.
47
What is the remainder when 50288395 is divided by 4617?
31
What is the remainder when 10930090 is divided by 3643352?
34
Calculate the remainder when 4990659 is divided by 284.
211
Calculate the remainder when 11414 is divided by 2296.
2230
Calculate the remainder when 164466 is divided by 5092.
1522
Calculate the remainder when 2286531 is divided by 22.
5
Calculate the remainder when 38700316 is divided by 155.
71
What is the remainder when 481941 is divided by 24095?
41
Calculate the remainder when 2031411 is divided by 97.
37
What is the remainder when 363070 is divided by 90755?
50
Calculate the remainder when 881901 is divided by 48.
45
Calculate the remainder when 1061622756 is divided by 110.
106
What is the remainder when 21932 is divided by 199?
42
What is the remainder when 2831351 is divided by 88?
39
